 of 104470?
2, 5, 31, 337
What are the prime factors of 512111?
29, 17659
What are the prime factors of 1664457?
3, 19, 29201
List the prime factors of 2549503.
11, 41, 5653
List the prime factors of 1883760.
2, 3, 5, 47, 167
List the prime factors of 205281.
3, 7603
List the prime factors of 1687527.
3, 62501
What are the prime factors of 10530934?
2, 1487, 3541
What are the prime factors of 6818666?
2, 17, 47, 251
List the prime factors of 42033.
3, 14011
List the prime factors of 3474867.
3, 11, 29, 3631
List the prime factors of 2172343.
2172343
What are the prime factors of 2248498?
2, 7, 19, 79, 107
List the prime factors of 11452574.
2, 7, 23, 5081
What are the prime factors of 490670?
2, 5, 139, 353
List the prime factors of 10190653.
11, 926423
What are the prime factors of 8061932?
2, 241, 8363
List the prime factors of 878717.
7, 79, 227
What are the prime factors of 35114369?
37, 949037
What are the prime factors of 5652481?
19, 97, 3067
List the prime factors of 4187486.
2, 19, 263, 419
List the prime factors of 1611228.
2, 3, 134269
What are the prime factors of 5057426?
2, 11, 29, 7927
List the prime factors of 9192864.
2, 3, 31, 3089
List the prime factors of 15118844.
2, 13, 167, 1741
List the prime factors of 112298.
2, 56149
List the prime factors of 77822.
2, 167, 233
List the prime factors of 17734036.
2, 73, 60733
List the prime factors of 3613702.
2, 653, 2767
What are the prime factors of 3820207?
47, 81281
List the prime factors of 2420791.
1021, 2371
List the prime factors of 26631344.
2, 1664459
List the prime factors of 223199.
61, 3659
What are the prime factors of 7152245?
5, 41, 139, 251
What are the prime factors of 5995204?
2, 1498801
What are the prime factors of 323730?
2, 3, 5, 11, 109
List the prime factors of 137872.
2, 7, 1231
List the prime factors of 610695.
3, 5, 41, 331
List the prime factors of 12411869.
12411869
List the prime factors of 1783464.
2, 3, 74311
List the prime factors of 8434645.
5, 379, 4451
List the prime factors of 4238819.
13, 326063
List the prime factors of 8784193.
11, 223, 3581
What are the prime factors of 48671?
7, 17, 409
What are the prime factors of 235807?
11, 13, 17, 97
What are the prime factors of 12379727?
23, 538249
List the prime factors of 4886434.
2, 7, 43, 8117
List the prime factors of 1792700.
2, 5, 7, 13, 197
List the prime factors of 1218421.
1218421
What are the prime factors of 495770?
2, 5, 11, 4507
List the prime factors of 618542.
2, 309271
What are the prime factors of 161430?
2, 3, 5, 5381
List the prime factors of 4440623.
11, 19, 21247
What are the prime factors of 912041?
13, 70157
What are the prime factors of 936551?
7, 11, 12163
What are the prime factors of 3573025?
5, 131, 1091
List the prime factors of 3568344.
2, 3, 13, 11437
List the prime factors of 7075748.
2, 1768937
What are the prime factors of 11462059?
7, 1637437
What are the prime factors of 64908?
2, 3, 601
List the prime factors of 255501.
3, 9463
What are the prime factors of 807416?
2, 100927
What are the prime factors of 1187699?
1187699
What are the prime factors of 2031217?
2031217
List the prime factors of 7691659.
7691659
List the prime factors of 6398996.
2, 137, 11677
What are the prime factors of 2282708?
2, 570677
List the prime factors of 1092320.
2, 5, 6827
What are the prime factors of 1790160?
2, 3, 5, 7459
List the prime factors of 30339640.
2, 5, 758491
What are the prime factors of 923614?
2, 31, 14897
What are the prime factors of 3627764?
2, 7, 83, 223
List the prime factors of 3141174.
2, 3, 41, 113
What are the prime factors of 63975?
3, 5, 853
List the prime factors of 4937160.
2, 3, 5, 41143
What are the prime factors of 4075103?
4075103
List the prime factors of 203700.
2, 3, 5, 7, 97
List the prime factors of 234917.
234917
List the prime factors of 1346267.
13, 29, 3571
What are the prime factors of 2828094?
2, 3, 139, 3391
What are the prime factors of 992814?
2, 3, 165469
What are the prime factors of 463586?
2, 193, 1201
List the prime factors of 236384.
2, 83, 89
What are the prime factors of 2436812?
2, 7, 29, 3001
What are the prime factors of 5000592?
2, 3, 104179
What are the prime factors of 23942?
2, 11971
What are the prime factors of 227380?
2, 5, 11369
List the prime factors of 871012.
2, 17, 12809
What are the prime factors of 3226747?
263, 12269
What are the prime factors of 974332?
2, 243583
List the prime factors of 1493458.
2, 211, 3539
List the prime factors of 35280028.
2, 7, 967, 1303
What are the prime factors of 18872?
2, 7, 337
List the prime factors of 2457945.
3, 5, 7, 17
What are the prime factors of 346834?
2, 17, 101
List the prime factors of 447762.
2, 3, 7, 1523
List the prime factors of 67115.
5, 31, 433
List the prime factors of 12204155.
5, 2440831
What are the prime factors of 1667800?
2, 5, 31, 269
List the prime factors of 10082863.
7, 19, 47, 1613
What are the prime factors of 21429?
3, 2381
What are the prime factors of 911030?
2, 5, 17, 23, 233
List the prime factors of 776320.
2, 5, 1213
List the prime factors of 9734047.
17, 97, 5903
List the prime factors of 3285383.
71, 46273
What are the prime factors of 281038?
2, 83, 1693
List the prime factors of 2011322.
2, 1005661
What are the prime factors of 314717?
13, 43, 563
What are the prime factors of 1602122?
2, 801061
What are the prime factors of 15294152?
2, 17, 107, 1051
What are the prime factors of 8123922?
2, 3, 23, 31, 211
List the prime factors of 33023004.
2, 3, 7, 131, 3001
List the prime factors of 1195999.
7, 170857
What are the prime factors of 78420?
2, 3, 5, 1307
What are the prime factors of 1761131?
61, 28871
What are the prime factors of 2272580?
2, 5, 199, 571
List the prime factors of 1507432.
2, 61, 3089
What are the prime factors of 225517?
61, 3697
List the prime factors of 10625184.
2, 3, 79, 467
List the prime factors of 1341562.
2, 670781
What are the prime factors of 38085?
3, 5, 2539
List the prime factors of 22968442.
2, 7, 617, 2659
List the prime factors of 1041862.
2, 17, 30643
List the prime factors of 1109623.
47, 23609
What are the prime factors of 1265114?
2, 632557
List the prime factors of 206017.
7, 19, 1549
List the prime factors of 245205.
3, 5, 5449
What are the prime factors of 168042?
2, 3, 7, 4001
List the prime factors of 14446767.
3, 4815589
What are the prime factors of 1002252?
2, 3, 17
List the prime factors of 247671.
3, 9173
What are the prime factors of 574064?
2, 35879
What are the prime factors of 1228864?
2, 7, 13, 211
List the prime factors of 1899555.
3, 5, 7, 79, 229
What are the prime factors of 19265101?
19265101
What are the prime factors of 4430566?
2, 7, 316469
List the prime factors of 1953989.
439, 4451
What are the prime factors of 5452587?
3, 7, 23, 53, 71
What are the prime factors of 1215975?
3, 5, 31, 523
List the prime factors of 3902577.
3, 7, 83, 2239
What are the prime factors of 7999884?
2, 3, 24691
List the prime factors of 12848620.
2, 5, 37, 97, 179
List the prime factors of 694116.
2, 3, 6427
What are the prime factors of 5461708?
2, 7, 107, 1823
List the prime factors of 50682.
2, 3, 8447
What are the prime factors of 1175983?
347, 3389
List the prime factors of 2580066.
2, 3, 47779
What are the prime factors of 3465866?
2, 19, 223, 409
What are the prime factors of 2775066?
2, 3, 7, 9439
What are the prime factors of 1483982?
2, 741991
List the prime factors of 9797610.
2, 3, 5, 17, 19211
List the prime factors of 249364.
2, 31, 2011
List the prime factors of 12023173.
73, 164701
List the prime factors of 334605.
3, 5, 22307
What are the prime factors of 300647?
300647
What are the prime factors of 2456207?
13, 188939
List the prime factors of 28661452.
2, 7165363
List the prime factors of 3900364.
2, 13, 107, 701
List the prime factors of 571555.
5, 114311
What are the prime factors of 2720211?
3, 13, 19, 3671
List the prime factors of 4432320.
2, 3, 5, 19
List the prime factors of 396784.
2, 24799
What are the prime factors of 591351?
3, 197117
List the prime factors of 1095643.
41, 26723
List the prime factors of 5227582.
2, 37, 41, 1723
What are the prime factors of 273871?
13, 21067
What are the prime factors of 178049?
19, 9371
List the prime factors of 7160599.
7160599
Wh